{"id":3688,"date":"2021-11-19T17:27:42","date_gmt":"2021-11-19T17:27:42","guid":{"rendered":"https:\/\/mdrc.lndo.site\/videos\/being-black-and-disabled-mental-illness\/"},"modified":"2022-03-25T20:11:20","modified_gmt":"2022-03-25T20:11:20","slug":"being-black-and-disabled-mental-illness","status":"publish","type":"videos","link":"https:\/\/mi-at.org\/es\/videos\/being-black-and-disabled-mental-illness\/","title":{"rendered":"Ser negro y discapacitado: enfermedad mental"},"content":{"rendered":"<p>Ser negro y discapacitado es una discusi\u00f3n en vivo de cinco partes moderada por la coordinadora de LEAD Black Initiatives, Tameka Citchen-Spruce. Este video se enfoca en las enfermedades mentales y presenta la perspectiva del Dr. Zakiya Mabery. La discusi\u00f3n se transmiti\u00f3 inicialmente el 29 de julio de 2021 a trav\u00e9s de Facebook Live de MDRC. Este contenido fue posible gracias a una subvenci\u00f3n del Consejo de Discapacidades del Desarrollo de Michigan.<\/p>\n","protected":false},"excerpt":{"rendered":"<p>Ser negro y discapacitado es una discusi\u00f3n en vivo de cinco partes moderada por la coordinadora de LEAD Black Initiatives, Tameka Citchen-Spruce. Este video se enfoca en las enfermedades mentales y presenta la perspectiva del Dr. Zakiya Mabery. La discusi\u00f3n se transmiti\u00f3 inicialmente el 29 de julio de 2021 a trav\u00e9s de Facebook Live de&hellip;<\/p>\n","protected":false},"author":1,"featured_media":0,"menu_order":0,"template":"","format":"standard","meta":{"_acf_changed":false,"inline_featured_image":false},"video_categories":[337,332],"class_list":["post-3688","videos","type-videos","status-publish","format-standard","hentry","video_categories-juvenil","video_categories-negro"],"acf":[],"_links":{"self":[{"href":"https:\/\/mi-at.org\/es\/wp-json\/wp\/v2\/videos\/3688","targetHints":{"allow":["GET"]}}],"collection":[{"href":"https:\/\/mi-at.org\/es\/wp-json\/wp\/v2\/videos"}],"about":[{"href":"https:\/\/mi-at.org\/es\/wp-json\/wp\/v2\/types\/videos"}],"author":[{"embeddable":true,"href":"https:\/\/mi-at.org\/es\/wp-json\/wp\/v2\/users\/1"}],"wp:attachment":[{"href":"https:\/\/mi-at.org\/es\/wp-json\/wp\/v2\/media?parent=3688"}],"wp:term":[{"taxonomy":"video_categories","embeddable":true,"href":"https:\/\/mi-at.org\/es\/wp-json\/wp\/v2\/video_categories?post=3688"}],"curies":[{"name":"wp","href":"https:\/\/api.w.org\/{rel}","templated":true}]}}

<p>Ser negro y discapacitado es una discusión en vivo de cinco partes moderada por la coordinadora de LEAD Black Initiatives, Tameka Citchen-Spruce. Este video se enfoca en las enfermedades mentales y presenta la perspectiva del Dr. Zakiya Mabery. La discusión se transmitió inicialmente el 29 de julio de 2021 a través de Facebook Live de MDRC. Este contenido fue posible gracias a una subvención del Consejo de Discapacidades del Desarrollo de Michigan.</p>

<p>Ser negro y discapacitado es una discusión en vivo de cinco partes moderada por la coordinadora de LEAD Black Initiatives, Tameka Citchen-Spruce. Este video se enfoca en las enfermedades mentales y presenta la perspectiva del Dr. Zakiya Mabery. La discusión se transmitió inicialmente el 29 de julio de 2021 a través de Facebook Live de&hellip;</p>
